8. What is the units digit of n?
4
What is the units digit of 11/55 - (-288)/10?
9
Let c = -29 - -41. What is the units digit of c?
2
Let d(w) = -3 - 3*w + 4*w + w. What is the tens digit of d(7)?
1
Let p = 217 + -153. Suppose 174 = 3*r - 5*l + p, r - 42 = 3*l. What is the units digit of r?
0
Let q(x) = 5*x. Let v be 8 + (-2 - 0/1). Let u = 8 - v. What is the units digit of q(u)?
0
Suppose 2*h = 2*z + 4 + 8, -2*h - 18 = 4*z. What is the units digit of h?
1
Let a(u) be the second derivative of -u**4/12 - u**3/6 + 9*u**2/2 - u. Suppose -4*k + k = 0, -5*j = -4*k. What is the units digit of a(j)?
9
Suppose -3*h - 2 = -m, 0*h + 8 = 4*m + 2*h. Let n be (m + -22)/((-4)/4). What is the tens digit of 275/n + (-2)/(-8)?
1
Let c(u) = -5*u - 13. What is the units digit of c(-15)?
2
What is the units digit of (6/(-9))/(4/(-246))?
1
Suppose 4*q + 4 = -5*j, 4*q = 5*j - q + 40. Let r be 12/15*(-10)/j. Suppose -3*z = -r*z - 10. What is the units digit of z?
0
What is the tens digit of (-772)/((-2)/1)*2/4?
9
Let x be 212/18 - (-4)/18. Let m be (15/x)/((-1)/(-4)). Suppose -c + r + r = -m, -5*c + 25 = -3*r. What is the units digit of c?
5
Let t = 2 + 0. Suppose -t*f = -f - 11. What is the units digit of f?
1
Suppose 5*q - 42 + 22 = 0. Suppose 30 = r + 4*r. Suppose -q*w + 6 = -r. What is the units digit of w?
3
Let y = 0 + 0. Suppose y = -l - 3*l + 88. What is the units digit of l?
2
Let z(u) = 105*u**2 - 2*u + 1. Let m be z(1). Let f = m + -69. What is the units digit of f?
5
Let n = 8 - 9. Let t = 0 - n. What is the units digit of t?
1
What is the hundreds digit of ((-2)/(-4))/((-5)/(-1150) - 0)?
1
What is the units digit of (-2)/((-2)/(-116)*-4)?
9
Let b be (-30 + 2)*(0 + -1). Suppose 7*c - 4*c + 4*i = b, 5*c - 64 = 2*i. What is the units digit of c?
2
Let n(u) = -4*u + 1. Let s be n(-1). Suppose -r + 1 = -5*a - 2, 0 = -4*r - 3*a + 12. Suppose -s*g - 5 = -5*h, 0*h = r*h + 4*g - 3. What is the units digit of h?
1
Suppose 5*b - 4 - 6 = 0. Suppose 0*g = 4*c - b*g - 70, 3*c - 4*g = 65. Suppose -2*s = 3 - c. What is the units digit of s?
6
Suppose -3*y = 6, -6*y + 2*y = -3*u + 500. What is the hundreds digit of u?
1
Let q = 183 + 48. What is the units digit of q?
1
Let y be ((-2)/(-4))/((-2)/(-20)). Suppose 0*w = -y*w + 145. What is the units digit of w?
9
Let w be (-2)/(-6) + (-28)/(-6). Let a(f) = -5*f - 2*f + w*f - 1. What is the units digit of a(-4)?
7
What is the tens digit of 79*(5 + (-8)/2)?
7
Let d = 45 + 36. What is the units digit of d?
1
Let v(z) = -z + 3. Let k be v(-5). Let x be (-57)/(-12) + 2/k. Suppose 4*d + 34 = 2*u, -x + 19 = u - d. What is the tens digit of u?
1
Let g(j) = 6*j**3 + j**2 + j. Let d be g(-1). Let f(r) = r**3 - 4 + 2*r**2 - 5*r + 4*r + 4*r**2. What is the units digit of f(d)?
2
Let v = 55 + 13. What is the tens digit of v?
6
Let a = 153 - 120. What is the tens digit of a?
3
Let m(c) = 6*c + 2. Let i be m(6). Suppose -q + 5*n = 3*q - 119, -i = -q + 4*n. What is the tens digit of q?
2
Let g be 5/20 - 86/(-8). Suppose 5*k = -s + 37, 3*k + g + 62 = 5*s. What is the units digit of s?
7
Suppose 3*c + c + 4*o = 420, o + 519 = 5*c. What is the tens digit of c?
0
Suppose 2*m + 2 = 3*m. Suppose m*g - g = 4*s + 7, -15 = 3*s. Let n = g + 18. What is the units digit of n?
5
Let q(s) = 2*s - 4 + 7 - s**2 - 2. Let v be q(3). Let y = v - -4. What is the units digit of y?
2
Let f = -8 - -11. What is the units digit of (-1)/(-2)*(f + 1)?
2
Suppose 5 = -5*v, -v - 4*v + 319 = 3*f. What is the units digit of f?
8
What is the units digit of (4*(-335)/(-60))/(2/6)?
7
Let f = 31 + -22. What is the units digit of f?
9
Suppose 2 = a - 2*n, a + n + 1 = 3*a. Suppose 5*q + 35 = -a*q. Let r(u) = -u - 5. What is the units digit of r(q)?
2
Suppose -4*n + 138 + 86 = 0. What is the units digit of n?
6
Suppose 183 = -3*l + 1266. What is the units digit of l?
1
Let f be 362/2 + (1 - 2). Suppose 0 = 3*y - 8*y + f. Let r = -23 + y. What is the units digit of r?
3
Suppose 2 = 3*b - 4. Let j = b + 1. Suppose j*c - 18 = -0*c. What is the units digit of c?
6
What is the units digit of (10/25)/((-1)/(-195))?
8
Let n(v) = v + 5. Let k be n(-4). Let u be k*(-1 + (6 - -1)). Let p = u + -5. What is the units digit of p?
1
Let t(s) = s**2 + 7*s - 6. What is the units digit of t(-10)?
4
Suppose z + 30 = -4*z. Let l(r) = -4*r - 15. Let n(k) = 2. Let j(t) = l(t) + 6*n(t). What is the tens digit of j(z)?
2
Let d(k) = 6*k - 5. Let b(r) = -3*r + 2. Let i(n) = 5*b(n) + 3*d(n). What is the units digit of i(6)?
3
Let t be (2/3)/(8/108). Let o = -5 + t. Suppose o*v - 2*r - 21 = 3*r, -6 = v - 5*r. What is the units digit of v?
9
Suppose -1 - 29 = -5*y. Suppose -3*l + 4 = -y*l - 2*w, 5*w = -l + 3. What is the units digit of l/((-5)/2 + 2)?
4
Suppose -2*n + 6 = -4. Suppose -4*c + 32 = 4*o, -c - 31 = -n*o - 3*c. Let t = 18 - o. What is the units digit of t?
3
Let h = 1 - -15. Suppose m - h = -m. What is the units digit of m?
8
Suppose -4*t = 3*u + 26 - 267, 3*t = 2*u + 168. What is the units digit of t?
8
Let j(v) = -v**3 + 6*v**2 - 6*v - 4. Let a be j(4). Let l be ((-5)/2)/((-1)/2). Suppose -50 = -o - o - a*s, l = -o + 4*s. What is the units digit of o?
5
Let t be ((-4)/5)/(2/25). Let c = 13 + t. What is the units digit of c?
3
Suppose 2*u - 5*a - 33 = 0, 2*u + 4*a + 1 + 11 = 0. Let x(t) = t**3 - 3*t**2 - t + 1. What is the tens digit of x(u)?
1
Let o be (3 - (-1 - 0)) + -1. Let j(r) = 5*r - 3. What is the units digit of j(o)?
2
Let o = 4 - -4. What is the units digit of 25/10*o/5?
4
Let j(g) = g**2 - 5*g. Let u be j(5). Suppose i + 0*i + 3 = u. What is the units digit of (-9)/(i/6 - 1)?
6
Let i = -5 - -6. Let v(k) = -19*k - 1. Let g be v(i). What is the units digit of g/(-6)*(-18)/(-10)?
6
Let l = -29 - -87. What is the tens digit of l?
5
Suppose -13 = -5*v + 7. Let x = 1 + v. What is the units digit of x?
5
Let v(g) = 14 + 4*g**2 - 3*g + 2*g - 5*g**2. What is the tens digit of v(0)?
1
Let z(m) = -2*m - 14. Let p be z(-8). What is the units digit of 1/p*6/3?
1
Suppose -3*o - o + 3*j + 21 = 0, -5*o + 50 = j. What is the tens digit of (-2 - o)/(-1) - -1?
1
Suppose 0 = -5*f + 3*l + 26, 3*l + 3 - 12 = 0. Let g(w) = -w - 14 + 4 + 3*w. What is the units digit of g(f)?
4
Suppose 0*m = m - 1. Suppose 0 = 5*y - m - 59. What is the units digit of y?
2
Suppose 0 = 3*h + 2*h - 30. What is the units digit of h?
6
Let f = -145 + 221. What is the units digit of f?
6
Suppose 5*k = 20, 2*m - 4*k - k + 30 = 0. What is the units digit of (-12)/(-10)*m/(-2)?
3
What is the tens digit of 59 - (-2 + -4 + 6)?
5
Let i = 169 - 113. What is the units digit of i?
6
Suppose -2*i - 8 = -2*f - 24, 3*f + 12 = i. What is the units digit of i?
6
Suppose 0 = -5*m + 6 + 9. Suppose m*u - 60 - 12 = 0. What is the tens digit of u?
2
Suppose 10 = -4*w + 158. What is the tens digit of w?
3
Let y(q) = -5*q**3 + 3*q**3 - 1 - 4 - 8*q**2 - 9*q + q**3. What is the units digit of y(-7)?
9
What is the units digit of -5 - (2910/(-3))/5?
9
Let k(x) = x**3 + 3*x**2 - 2*x + 3. Let h = -5 - -7. Suppose 3 = i - h*i. What is the units digit of k(i)?
9
Suppose -4*d - 2*d + 366 = 0. What is the units digit of d?
1
Suppose 4*g + 0*g = 56. Suppose 7*n - 2*n + 5 = 5*b, 4*b + n = g. What is the units digit of b?
3
Let v(l) = 4*l**2 + 2*l - 1. Let i be v(1). Suppose 2*f - f + 11 = 5*n, 0 = i*n - 4*f + 1. What is the units digit of n?
3
What is the units digit of (364/(-8))/((-6)/12)?
1
Suppose -3*c - c - 68 = -g, -2*c + 3*g - 24 = 0. What is the units digit of 6*(-21)/c*3?
1
Let m(i) = i**3 + 5*i**2 + 2*i + 3. Let j be m(-5). Let k(a) be the first derivative of -a**2 - 8*a + 2. What is the units digit of k(j)?
6
Let c(h) = -h - 9. Let w be c(-7). Let x(r) = r**3 - 2*r**2 + r - 3. Let l be x(3). Let b = w + l. What is the units digit of b?
7
Suppose 5*l - 4*l - 52 = 0. What is the units digit of l?
2
Suppose -5*b + 1 = -3*w + 17, -4*b = 4*w. Suppose -s + w = -a, a - 5*s - 3 = -17. What is the units digit of a?
1
Suppose 0 = -3*b + 7*b - 2*l - 280, 0 = -4*b - 2*l + 296. What is the units digit of 6/2 + b/6?
5
Let a(t) = -t - 3. Let d be 1 + 0/(-3) + -11. What is the units digit of a(d)?
7
Let h be 1/(-4) - (-22)/(-8). Let j be (h - -1)/(10/15). Let y(r) = -r**3 - 2*r**2 - 3. What is the units digit of y(j)?
6
Suppose 4*n - o = 94, 2*n - 4*o - 46 = -3